{"id":3980,"date":"2025-02-07T00:57:04","date_gmt":"2025-02-06T23:57:04","guid":{"rendered":"https:\/\/www.freepics.ch\/?post_type=product&#038;p=3980"},"modified":"2025-02-07T10:18:59","modified_gmt":"2025-02-07T09:18:59","slug":"ermitage-arlesheim","status":"publish","type":"product","link":"https:\/\/www.freepics.ch\/?product=ermitage-arlesheim","title":{"rendered":"Ermitage in Arlesheim"},"content":{"rendered":"<p>Die Ermitage in Arlesheim ist der gr\u00f6sste Englische Landschaftsgarten der Schweiz. Er entstand auf Initiative der Gemahlin des damaligen f\u00fcrstbisch\u00f6flichen Landvogts <strong>Franz Carl von Andlau<\/strong>, <strong>Balbina von Andlau<\/strong>, und deren Vetter, dem Domherrn <strong>Heinrich von Ligertz<\/strong>, im <strong>Gobenmatttal<\/strong>, wenige Fussminuten vom Dorfkern Arlesheims entfernt.<\/p>\n<p>Die Ermitage wurde am 28. Juni 1785 in Anwesenheit des F\u00fcrstbischofs <strong>Franz Josef Sigismund von Roggenbach<\/strong> er\u00f6ffnet und avancierte schon bald zu einer international bekannten Attraktion. Unter dem Motto <strong>Natura amicis suis<\/strong> &#8211; <strong>die Natur ihren Freunden<\/strong> &#8211; reisten Gartenfreunde aus ganz Europa und \u00dcbersee nach Arlesheim.<\/p>\n<p>1793 von franz\u00f6sischen Truppen zerst\u00f6rt, wurde die Ermitage von 1810 bis 1812 von <strong>Conrad von Andlau<\/strong>, dem Sohn Balbinas, und dem mittlerweile \u00fcber 70j\u00e4hrigen Heinrich von Ligertz teilweise wieder\u00a0aufgebaut, teilweise mit neuen Szenerien erg\u00e4nzt.<\/p>\n","protected":false},"excerpt":{"rendered":"<p>Ermitage in Arlesheim, Gr\u00f6sse des Fotos 5400&#215;3600 Pixel<\/p>\n","protected":false},"featured_media":3981,"template":"","meta":{"_acf_changed":false},"product_brand":[],"product_cat":[49],"product_tag":[81,86,79,87,83,71,82,84,85],"class_list":{"0":"post-3980","1":"product","2":"type-product","3":"status-publish","4":"has-post-thumbnail","6":"product_cat-naturfotos","7":"product_tag-arlesheim","8":"product_tag-aussichtssteg","9":"product_tag-erholung","10":"product_tag-ermitage","11":"product_tag-garten","12":"product_tag-natur","13":"product_tag-natursee","14":"product_tag-schloss-birseck","15":"product_tag-weiher","17":"first","18":"instock","19":"downloadable","20":"shipping-taxable","21":"purchasable","22":"product-type-simple"},"acf":[],"_links":{"self":[{"href":"https:\/\/www.freepics.ch\/index.php?rest_route=\/wp\/v2\/product\/3980","targetHints":{"allow":["GET"]}}],"collection":[{"href":"https:\/\/www.freepics.ch\/index.php?rest_route=\/wp\/v2\/product"}],"about":[{"href":"https:\/\/www.freepics.ch\/index.php?rest_route=\/wp\/v2\/types\/product"}],"wp:featuredmedia":[{"embeddable":true,"href":"https:\/\/www.freepics.ch\/index.php?rest_route=\/wp\/v2\/media\/3981"}],"wp:attachment":[{"href":"https:\/\/www.freepics.ch\/index.php?rest_route=%2Fwp%2Fv2%2Fmedia&parent=3980"}],"wp:term":[{"taxonomy":"product_brand","embeddable":true,"href":"https:\/\/www.freepics.ch\/index.php?rest_route=%2Fwp%2Fv2%2Fproduct_brand&post=3980"},{"taxonomy":"product_cat","embeddable":true,"href":"https:\/\/www.freepics.ch\/index.php?rest_route=%2Fwp%2Fv2%2Fproduct_cat&post=3980"},{"taxonomy":"product_tag","embeddable":true,"href":"https:\/\/www.freepics.ch\/index.php?rest_route=%2Fwp%2Fv2%2Fproduct_tag&post=3980"}],"curies":[{"name":"wp","href":"https:\/\/api.w.org\/{rel}","templated":true}]}}