{"id":3983,"date":"2025-02-07T01:14:19","date_gmt":"2025-02-07T00:14:19","guid":{"rendered":"https:\/\/www.freepics.ch\/?post_type=product&#038;p=3983"},"modified":"2025-02-07T10:18:21","modified_gmt":"2025-02-07T09:18:21","slug":"muenster-in-basel-mit-blick-auf-den-rhein","status":"publish","type":"product","link":"https:\/\/www.freepics.ch\/?product=muenster-in-basel-mit-blick-auf-den-rhein","title":{"rendered":"M\u00fcnster in Basel mit Blick auf den Rhein"},"content":{"rendered":"<p>M\u00fcnsterturm links mit Ausblick auf den Rhein, Gr\u00f6sse des Fotos 6000&#215;4000 Pixel<\/p>\n","protected":false},"excerpt":{"rendered":"<p>M\u00fcnster in Basel mit Rhein, Fotogr\u00f6sse 6000&#215;4000 Pixel<\/p>\n","protected":false},"featured_media":3984,"template":"","meta":{"_acf_changed":false},"product_brand":[],"product_cat":[95],"product_tag":[90,91,88,89,92,93,94],"class_list":{"0":"post-3983","1":"product","2":"type-product","3":"status-publish","4":"has-post-thumbnail","6":"product_cat-basel-stadt","7":"product_tag-basel","8":"product_tag-basel-stadt","9":"product_tag-muenster-muensterturm","10":"product_tag-rhein","11":"product_tag-rundblick","12":"product_tag-stadtbild","13":"product_tag-stadtblick","15":"first","16":"instock","17":"downloadable","18":"shipping-taxable","19":"purchasable","20":"product-type-simple"},"acf":[],"_links":{"self":[{"href":"https:\/\/www.freepics.ch\/index.php?rest_route=\/wp\/v2\/product\/3983","targetHints":{"allow":["GET"]}}],"collection":[{"href":"https:\/\/www.freepics.ch\/index.php?rest_route=\/wp\/v2\/product"}],"about":[{"href":"https:\/\/www.freepics.ch\/index.php?rest_route=\/wp\/v2\/types\/product"}],"wp:featuredmedia":[{"embeddable":true,"href":"https:\/\/www.freepics.ch\/index.php?rest_route=\/wp\/v2\/media\/3984"}],"wp:attachment":[{"href":"https:\/\/www.freepics.ch\/index.php?rest_route=%2Fwp%2Fv2%2Fmedia&parent=3983"}],"wp:term":[{"taxonomy":"product_brand","embeddable":true,"href":"https:\/\/www.freepics.ch\/index.php?rest_route=%2Fwp%2Fv2%2Fproduct_brand&post=3983"},{"taxonomy":"product_cat","embeddable":true,"href":"https:\/\/www.freepics.ch\/index.php?rest_route=%2Fwp%2Fv2%2Fproduct_cat&post=3983"},{"taxonomy":"product_tag","embeddable":true,"href":"https:\/\/www.freepics.ch\/index.php?rest_route=%2Fwp%2Fv2%2Fproduct_tag&post=3983"}],"curies":[{"name":"wp","href":"https:\/\/api.w.org\/{rel}","templated":true}]}}